
-7
Let a(t) = 2*t - 15. Let g(m) = 3*m - 22. Let z(s) = 7*a(s) - 5*g(s). What is z(0)?
5
Let u(q) = 3*q**2 + 4*q + 2. Let n be u(-2). Let f be -1*n - (-2 - -1). Let z(j) = 3*j - j + 3 + 3. Give z(f).
-4
Let l(m) be the second derivative of -m**4/12 - 2*m**3/3 + m**2 - 2*m. Let k be l(-6). Let f = k - -16. Let i(y) = y - 1. Give i(f).
5
Let q(r) = r. Let o(j) = 2*j + 1. Let m(x) = -o(x) + 3*q(x). Let z be m(3). Let h(b) = 4 + b**z + 0*b + 0*b - 5*b. Calculate h(3).
-2
Let h(k) = k**3 - 4*k**2 + 5*k - 2. Let y(d) = 2*d**3 - 9*d**2 + 11*d - 5. Suppose -3 = -b + 3*u - 2, u = 2*b - 22. Let v(w) = b*h(w) - 6*y(w). What is v(-3)?
-2
Let a(k) = -k - 8. Suppose -t = -3*y + 4*t - 13, 0 = -5*y - 5*t - 35. Give a(y).
-2
Suppose 6*o = o + 20. Suppose o*l - 3*l = 0. Let a(y) = -y**3 - y**2 - 1. Determine a(l).
-1
Let s(a) = a**3 + 6*a**2 - a - 5. Let r be s(-6). Let d(k) = -k + 1. What is d(r)?
0
Let h(w) = w - 7. Let y(n) be the first derivative of -3*n**2/2 + 2. Let l be y(-2). Give h(l).
-1
Let b(o) be the first derivative of -3*o**2/2 + 6*o + 10. Give b(-5).
21
Let v(c) be the first derivative of c**4/12 - c**2/2 - c + 4. Let g(k) be the first derivative of v(k). Calculate g(2).
3
Let k(p) = -3 - p - 5 + 5 + 4*p. Calculate k(-5).
-18
Let t = 25 - 23. Let r = -9 + 17. Let p(m) = -2*m + 6*m**t - r*m**2 - 2*m - 3. Calculate p(-2).
-3
Suppose 5*t - o - 1 - 24 = 0, -5*o - 37 = -3*t. Let h(j) = j**3 - 4*j**2 + 5. Calculate h(t).
5
Suppose -42 = 5*r - 17. Let h(w) = -w**2 - 5*w - 3. Calculate h(r).
-3
Let k(i) be the first derivative of -i**4/4 - 4*i**3/3 - 3*i**2/2 - 3*i + 8. Determine k(-3).
-3
Suppose -3*p + 5*v = -p - 6, 0 = 5*v. Let q(h) be the second derivative of 2*h**2 + 1/12*h**4 + h**p + 0 + 2*h. Give q(-6).
4
Let c(l) = 3*l**2 - 15*l - 6. Let n(i) be the first derivative of i**3/3 - 5*i**2/2 - 2*i + 1. Let m(j) = 3*c(j) - 8*n(j). Let x = 0 + 4. Calculate m(x).
-6
Let q(b) be the first derivative of 3*b**2/2 - 2*b + 2. Let j be q(4). Suppose 4*l = -l - j. Let x(r) = -5*r - 3. Calculate x(l).
7
Let u(v) = -4*v**2 - 6*v + 1. Let n(m) = -7*m**2 - 13*m + 1. Let h(i) = -3*n(i) + 5*u(i). Determine h(-9).
2
Let f be -1 + 4 - (7 + -6). Let v(j) = j**2 - j + 1. Let d(o) = o**2 - 3*o + 12. Let k(a) = f*v(a) - d(a). Give k(0).
-10
Let a(w) = 3*w**2 + 0*w**3 + w + w**3 - w**3 - w**3 + 1. Let g(l) = 2*l**2 - 1. Let c be g(-1). Let v(r) = 4*r - 1. Let u be v(c). Determine a(u).
4
Let u(h) = -h**3 + h**2 - h + 1. Let w(c) = 7*c**3 + 11*c - 10. Let l(z) = 6*u(z) + w(z). Calculate l(-5).
-4
Let h(u) be the second derivative of 2*u**3/3 - 7*u**2/2 - 29*u. Give h(6).
17
Let u be 2/(-3) - (-44)/12. Let k be (6/(-12))/((-2)/8). Let x(m) = m + k + 0 - 5. Calculate x(u).
0
Suppose 5*u = o - 0*o - 8, 17 = 5*o - 2*u. Let f(g) = -g + 6*g**2 + 5 - 5. Let y(t) = 6*t**2 - t. Let m(v) = o*y(v) - 4*f(v). Give m(1).
-5
Let k(r) be the second derivative of -r**7/840 - r**6/360 - r**4/4 - r**3/3 - 2*r. Let s(x) be the second derivative of k(x). Determine s(0).
-6
Let t(j) be the third derivative of -j**5/60 + 5*j**4/24 + j**3/3 + j**2. Let a = -19 - -24. What is t(a)?
2
Let o(s) = -s**2 - 6*s + 1. Suppose 0 = 2*m - m. Suppose m = -0*h + 3*h + 15. Calculate o(h).
6
Let u be (-2 - -6)/((-10)/(-5)). Let w(x) be the first derivative of -x**2 + x - 1. Calculate w(u).
-3
Let m(h) = h + 4. Let v be m(-10). Let f = 6 + v. Let a(x) be the second derivative of x**5/20 - x**4/12 - x**3/6 - 2*x**2 + x. What is a(f)?
-4
Let h(b) be the third derivative of -b**6/120 - b**5/12 - 5*b**4/24 - b**3/3 + b**2. Let i(w) = -w**2 - 2*w. Let n be i(-3). Give h(n).
-5
Let v = -5 - -12. Let q = -6 + v. Let i(f) be the first derivative of -3*f**4/4 + f + 1. What is i(q)?
-2
Let h(b) be the third derivative of 1/6*b**3 + 0 + 0*b**4 + 0*b + 1/60*b**5 + 7*b**2. Determine h(-2).
5
Let s(k) be the second derivative of k**4/12 + k**3/2 - 5*k**2/2 + 7*k. Let l(w) = 0*w**3 - 3*w**3 + w + 2*w**3 + 2 + 2*w**2. Let d be l(3). Give s(d).
-1
Let z(r) = -2*r + 5. Let k = -11 - -14. Suppose 3*u + n = 3*n + 22, k*n = 2*u - 23. Give z(u).
-3
Let u(i) = 4*i**2 + 0 - 3 + 2. Suppose -5 + 0 = -r. Let s = 6 - r. Calculate u(s).
3
Let l(a) be the second derivative of a**4/12 + 5*a**3/6 + 2*a**2 + 2*a. Let j be l(-4). Suppose -5*x + j*x - 15 = 0. Let p(u) = u**2 + 4*u + 4. What is p(x)?
1
Let s(h) = h - 2. Let g = -7 - -5. Determine s(g).
-4
Let v(a) = a**3 + 2*a**2 - 5*a - 4. Let w = -14 - -8. Let z(x) = x + 3. Let h be z(w). Calculate v(h).
2
Let p = 86 - 84. Let j(b) = -b**2 + 2. What is j(p)?
-2
Let z(u) = u**2 - u - 1. Suppose -2*g = 5*y - 5*g + 60, -g - 22 = 3*y. Let v be 0/(2*y/6). Calculate z(v).
-1
Let n = 2 + 0. Let a be n/9 - (-102)/27. Let s(c) = 0 + a + c + 0 - c**2. What is s(0)?
4
Suppose -5*p = -2*v - 67, 5*p + 2*v = -0 + 83. Let d be p/9 + (-6)/9. Let c be (-3 + 4)*(6 - d). Let w(t) = -3*t + 4. Give w(c).
-11
Let j(h) be the second derivative of 1/24*h**4 + h + 1/24*h**5 + 0 - 1/6*h**3 + 0*h**2. Let d(v) be the second derivative of j(v). Determine d(-1).
-4
Let l(m) = -m**3 - 7*m**2 - 7*m. Let i be 3/9 + (-95)/15. Determine l(i).
6
Let o(m) be the second derivative of m**4/6 + m**3/2 + m**2 - 6*m. Give o(-2).
4
Let r(b) = b**3 - 7*b**2 + 4*b + 8. Let z be r(6). Let o(h) = -h**2 - 6*h - 5. Calculate o(z).
3
Let m = -7 + 10. Let i(u) be the third derivative of -u**6/360 + u**5/60 - u**4/8 - u**3/2 - 3*u**2. Let w(n) be the first derivative of i(n). What is w(m)?
-6
Let i(g) = -g**3 - 3*g**2 + 4. Let v be i(-2). Let n(c) = -c**3 - c**2 + c - 7. Determine n(v).
-7
Let y(n) = -2*n + 1. Let s = -2 - -3. Suppose w + s + 2 = 0. Determine y(w).
7
Let f(c) = -2*c**3 + 5*c**2 - 2*c + 1. Suppose 0 = 2*g - 6, -4*s - g + 2 + 13 = 0. Determine f(s).
-14
Let f = 15 - 8. Suppose 0 = -3*q - 2*t + 26, f = 4*q + 4*t - 33. Let w(l) = 6 - l**2 - q + l. Calculate w(-1).
-2
Let u(t) = -3*t + 10 - 15 + 4 + 4*t. Let b = 5 - 8. Give u(b).
-4
Let l(v) = -v**3 + v**2 - 2*v - 4. Let j(y) = y**3 + 2*y + 3. Let k(s) = -6*j(s) - 4*l(s). Determine k(-2).
6
Let a(x) = 2*x**2 + 4*x. Suppose -5*l + 5*t = 10, 4*l - t + 11 = -0*t. What is a(l)?
6
Let a(q) = q. Let c be (-2 - -1)/(0 + -1). Suppose 0 = 5*o - 16 + c. Suppose 0 = o*k - 6*k - 12. Give a(k).
-4
Let t(u) = u - 2. Suppose -2*z + 2 + 14 = 0. Give t(z).
6
Let d be 0/(-1) + (1 - 1). Suppose 4*q + 4*l = 4, -4*q + 9 = q + 4*l. Let b(y) = -q - y**2 + 2*y - 3*y + 2 - 4. What is b(d)?
-7
Let r(k) be the third derivative of -k**5/60 - k**3/3 - 5*k**2. Suppose -4*l + 2*l = 4*i + 6, 4*l - i - 15 = 0. Determine r(l).
-11
Let f(d) = 126 + 4*d - 133 - 3*d. Give f(6).
-1
Suppose -3*q = -4 + 16. Let t(o) = -o**2 - 7*o. Let u(l) = -l. Let v(z) = t(z) - 2*u(z). Determine v(q).
4
Let h(o) = -o**3 + 3*o**2 + 3*o + 4. Let k(b) = 7*b - 9. Let t(v) = -6*v + 9. Let g(f) = 5*k(f) + 6*t(f). Let a be g(5). Determine h(a).
0
Let z(r) = -9*r**3 + 11*r**2 + 13*r. Let x(u) = 4*u**3 - 6*u**2 - 7*u. Let m(o) = 7*x(o) + 3*z(o). Give m(10).
0
Let o be (3 + -2)/((-2)/6). Let x be -2 + (1*o)/3. Let g(a) = -2*a - 9. Let q(j) = j + 5. Let m(t) = -2*g(t) - 5*q(t). Determine m(x).
-4
Let o(f) = f + 1. Let i(z) = -2*z - 9. Let b(q) = i(q) + 5*o(q). Suppose 0 = 4*u + 4*y - 28, -3*u - 4*y + 7 = -18. What is b(u)?
5
Let c be (-2 - (-4 + 7))*-1. Let w(l) = l**2 - l - 7. Give w(c).
13
Let j = -60 + 33. Let u be (j/45)/((-2)/(-10)). Let s(x) be the first derivative of -2*x**3/3 - 2*x**2 + x - 1. Give s(u).
-5
Suppose 5*a - 22 = -3*s + 60, -2*s + 8 = 0. Let l(j) = -j**2 + 13*j + 19. Determine l(a).
5
Suppose 22 = 2*n + 3*s, -5*n + 17 + 16 = 2*s. Let x(q) = q - 5. Calculate x(n).
0
Suppose 13 = 3*q - 8. Let i(c) be the first derivative of -c**4/4 + 8*c**3/3 - 4*c**2 + 4*c + 14. What is i(q)?
-3
Let n(v) = 9*v**3 - 8*v**2 + v - 4. Let g(k) = -5*k**3 + 4*k**2 + 2. Let l(f) = 5*g(f) + 3*n(f). Calculate l(2).
4
Let c be (-4 - -1)/(2 - 1). Let r(p) = p**3 + 3*p**2 - p - 4. Let l be r(c). Let b(o) = 3*o**3 - 2*o**3 - 2*o**3. What is b(l)?
1
Let a(z) be the third derivative of -z**4/24 - 2*z**3/3 + 7*z**2. Determine a(4).
-8
Let n(c) = -5*c**3 - 6*c**2 - c - 3. Let o(b) = -b**3 + b. Let q(i) = n(i) - 4*o(i). Give q(-5).
-3
Let b(f) be the first derivative of -f**4/4 - 5*f**3/3 - f**2 + 2*f + 1. Suppose 3*h - 8 = 4. Let i be (h/(-6))/((-3)/(-9)). 